is -4a856 + 1?
-4a855
In base 9, what is 66671 - -2?
66673
In base 16, what is e + -1451?
-1443
In base 7, what is 116 - 333645?
-333526
In base 3, what is 110 + 101222200200?
101222201010
In base 9, what is 445128 - -1?
445130
In base 16, what is -a80 - 8?
-a88
In base 10, what is -14010 - 5?
-14015
In base 11, what is 382 + -1a?
363
In base 9, what is 83 - 12130?
-12036
In base 13, what is -73 - -2aa4?
2a31
In base 2, what is -11011000001 + -10?
-11011000011
In base 4, what is -10201013121 - 2?
-10201013123
In base 12, what is 48662 - -4?
48666
In base 5, what is -10 - -2324340?
2324330
In base 14, what is a + -1c61?
-1c55
In base 13, what is 2 + -3933cc?
-3933ca
In base 14, what is -1d402 - 3?
-1d405
In base 10, what is 1 - 564?
-563
In base 15, what is 157671 + -3?
15766d
In base 9, what is 55 + 16317?
16373
In base 15, what is e920 - -5?
e925
In base 6, what is 32352342 + 1?
32352343
In base 5, what is 14301141 - 2?
14301134
In base 12, what is -b62 + 66?
-ab8
In base 13, what is -40 - bb3?
-c23
In base 16, what is -469cf + 7?
-469c8
In base 10, what is 4 + 23814?
23818
In base 6, what is 523430 + -120?
523310
In base 5, what is 13300 + -122?
13123
In base 14, what is -b9 - -14?
-a5
In base 12, what is 5687 + -3?
5684
In base 7, what is 36 + 61226?
61265
In base 16, what is -14e + -827?
-975
In base 5, what is -1023144 + -2?
-1023201
In base 13, what is -56 + -c1?
-147
In base 2, what is -1 - -11001101011100?
11001101011011
In base 3, what is 1201202210110 + 12?
1201202210122
In base 6, what is -1203 + -35?
-1242
In base 10, what is 301949 - 1?
301948
In base 5, what is -1124 + -10042?
-11221
In base 8, what is -5024621 + 3?
-5024616
In base 9, what is 1553768 + 6?
1553775
In base 12, what is 4a948 - 1?
4a947
In base 15, what is -3 + 11362?
1135e
In base 6, what is 4 + 224440?
224444
In base 5, what is 2003 + -11240?
-4232
In base 14, what is 20c + 1ad7?
1d05
In base 4, what is 1313230330 + -3?
1313230321
In base 15, what is -3395b + 2?
-33959
In base 14, what is -1b8b - -69?
-1b22
In base 10, what is 75 - -1007?
1082
In base 2, what is 1001100000 - 1000000?
1000100000
In base 16, what is 269a6 + 0?
269a6
In base 5, what is 121223 + 14?
121242
In base 2, what is 10001 + -1000101101011?
-1000101011010
In base 7, what is -3 - -110554?
110551
In base 11, what is -5 + -10312a?
-103134
In base 16, what is -136345 + -2?
-136347
In base 4, what is -30 + -1321100?
-1321130
In base 8, what is 1343 - 76?
1245
In base 3, what is -122102 + 101112?
-20220
In base 13, what is 1c7 + -22?
1a5
In base 9, what is 1406878 - 1?
1406877
In base 15, what is 5b02 - -11?
5b13
In base 5, what is -20312 - -431?
-14331
In base 2, what is 1110000 - -10110111?
100100111
In base 5, what is -11113 - -3?
-11110
In base 4, what is -30 - -133033?
133003
In base 9, what is -730 + -185?
-1025
In base 10, what is -730 - -53?
-677
In base 12, what is 2 + 14398?
1439a
In base 9, what is 85568 + 2?
85571
In base 7, what is 343540 - 4?
343533
In base 2, what is -101 + 10111111100?
10111110111
In base 7, what is 2 - -13011324?
13011326
In base 15, what is 10 + -bee0?
-bed0
In base 3, what is 10020 - -1100120212?
1100201002
In base 3, what is -100012 - -21100?
-1212
In base 15, what is -4 - 44984?
-44988
In base 11, what is 4701 - 27?
4685
In base 9, what is 1 + -115457?
-115456
In base 4, what is -3122 + -2330?
-12112
In base 10, what is 1 - 186886?
-186885
In base 11, what is 520 + 32?
552
In base 11, what is -9301 + 4?
-92a8
In base 12, what is 485a8 + -2?
485a6
In base 11, what is -176 + -1a746?
-1a911
In base 5, what is 30313 + 12?
30330
In base 12, what is -bab1b + 1?
-bab1a
In base 12, what is 44aa1 - 6?
44a97
In base 8, what is -1015 - -272?
-523
In base 6, what is 40500 - -214?
41114
In base 7, what is 55233 + -400?
54533
In base 4, what is 3021 + -1211?
1210
In base 10, what is 445709 - 1?
445708
In base 14, what is -1c9b0 + -3?
-1c9b3
In base 8, what is 66332 + -1?
66331
In base 15, what is -3c - -dad4?
da97
In base 2, what is 1110 - 1111?
-1
In base 14, what is -1d472 - 10?
-1d482
In base 16, what is -1 - 253be?
-253bf
In base 8, what is 13 - -721?
734
In base 6, what is -12 - -24142?
24130
In base 9, what is -2 + 767127?
767125
In base 10, what is 12 - -9957?
9969
In base 14, what is 5 + 2129?
2130
In base 4, what is -2221 + 2210?
-11
In base 6, what is 2120 - -1051?
3211
In base 14, what is -4c5 + -1974?
-2059
In base 15, what is -3 + 13e837?
13e834
In base 5, what is -342212 - -3?
-342204
In base 2, what is 1001010000000111100 + 1?
1001010000000111101
In base 7, what is 251223 - 3?
251220
In base 9, what is 332 - 316?
15
In base 16, what is -1 - -6236?
6235
In base 10, what is -9421 + 3?
-9418
In base 7, what is -3 + 6233336?
6233333
In base 3, what is -21 - 1022001120?
-1022001211
In base 2, what is 1111001110 + -111?
1111000111
In base 14, what is 19b8dd + 4?
19b903
In base 16, what is -173e - -9?
-1735
In base 11, what is 7230 + -676?
6665
In base 6, what is -4304 + -4?
-4312
In base 14, what is 1 - 3688?
-3687
In base 5, what is 322 - -12412?
13234
In base 4, what is 133203332 - 0?
133203332
In base 5, what is -2120 - -400?
-1220
In base 15, what is -468 - -20?
-448
In base 6, what is 552 + -344?
204
In base 5, what is -120213234 + 0?
-120213234
In base 12, what is 0 + 6609?
6609
In base 15, what is 1a - 18d5?
-18ba
In base 2, what is -11 - -1000111100?
1000111001
In base 12, what is 3 + -11a58?
-11a55
In base 5, what is -2413244 - -2?
-2413242
In base 10, what is 274 - -4216?
4490
In base 2, what is 100 + 11100100110111010?
11100100110111110
In base 8, what is -13247705 - -4?
-13247701
In base 7, what is 12 - -443116?
443131
In base 8, what is -1276 - 0?
-1276
In base 4, what is 120202330 - -10?
120203000
In base 5, what is 0 - -3233300?
3233300
In base 16, what is 1 - f025f?
-f025e
In base 4, what is -213011231 - 3?
-213011300
In base 15, what is 5053 - -5?
5058
In base 14, what is -23 - 29?
-4c
In base 7, what is -2 + 4355322?
4355320
In base 13, what is -a46c + -1a5?
-a644
In base 9, what is 117521 + 4?
117525
In base 16, what is ae - -5ea3?
5f51
In base 9, what is -1836 - -40?
-1786
In base 12, what is 12b - 26?
105
In base 11, what is 11 - -1542?
1553
In base 7, what is -20 + -100132?
-100152
In base 4, what is -1010031201 - 0?
-1010031201
In base 3, what is 1 + 2121200100?
2121200101
In base 12, what is 7 + -a535b?
-a5354
In base 2, what is 100 - 11011110011110000?
-11011110011101100
In base 5, what is 40230 + -443?
34232
In base 6, what is 23252 - -2?
23254
In base 9, what is 8554 - -60?
8624
In base 14, what is 14c6 + -5?
14c1
In base 12, what is -2 - 3763?
-3765
In base 11, what is -a1 + 83?
-19
In base 11, what is 2365 + 1a0?
2555
In base 4, what is 11 - 331011200?
-331011123
In base 13, what is -184cb + -7?
-18505
In base 6, what is -414 - 23302?
-24120
In base 9, what is 16 - -30777?
30804
In base 2, what is 100000 - -1011101?
1111101
In base 13, what is 0 - 3839b?
-3839b
In base 10, what is 116 - -1477?
1593
In base 4, what is -113103311 - 1?
-113103312
In base 16, what is 578aa + -4?
578a6
In base 15, what is -1ee + -13c?
-33b
In base 8, what is -13 - 760116?
-760131
In base 13, what is 37941 - 6?
37938
In base 15, what is -46a - 3?
-46d
In base 10, what is -38825 - 3?
-38828
In base 13, what is -3 - -97505?
97502
In base 11, what is 65 - -129a?
1354
In base 3, what is 12220022201 + 102?
12220100010
In base 16, what is 3776 + -3?
3773
In base 14, what is 1b - -a8?
c5
In base 14, what is b3461 + 0?
b3461
In base 5, what is 132 - -121212?
121344
In base 11, what is -6 + -3a35?
-3a40
In base 11, what is -5 + 253?
249
In base 9, what is 868744 + 1?
868745
In base 7, what is -34 + -55122?
-55156
In base 2, what is -10 - 100111110000010?
-100111110000100
In base 16, what is -1f + 6509?
64ea
In base 12, what is -48278 - 7?
-48283
In base 4, what is -3120 - -121?
-2333
In base 5, what is 1230 - -2003204?
2004434
In base 12, what is -2 - 739a9?
-739ab
In base 9, what is -12217 - 22?
-12240
In base 4, what is -320 - -20020230?
20013310
In base 12, what is 4a68943 + -2?
4a68941
In base 4, what is 1 + 112303302?
112303303
In base 13, what is -29 + -939?
-965
In base 16, what is 203 - b5?
14e
In base 9, what is 1 + 133325?
133326
In base 8, what is -54020